{"id":489,"date":"2022-07-28T11:23:11","date_gmt":"2022-07-28T16:23:11","guid":{"rendered":"https:\/\/coraldiveschool.com\/?page_id=489"},"modified":"2022-11-05T23:26:34","modified_gmt":"2022-11-06T04:26:34","slug":"club-de-buceo","status":"publish","type":"page","link":"https:\/\/coraldiveschool.com\/?page_id=489","title":{"rendered":"Club de buceo"},"content":{"rendered":"\t\t<div data-elementor-type=\"wp-page\" data-elementor-id=\"489\" class=\"elementor elementor-489\">\n\t\t\t\t\t\t\t\t\t<section class=\"elementor-section elementor-top-section elementor-element elementor-element-ecec161 elementor-section-full_width elementor-section-height-min-height elementor-section-height-default elementor-section-items-middle\" data-id=\"ecec161\" data-element_type=\"section\" data-settings=\"{&quot;background_background&quot;:&quot;slideshow&quot;,&quot;background_slideshow_gallery&quot;:[{&quot;id&quot;:310,&quot;url&quot;:&quot;https:\\\/\\\/coraldiveschool.com\\\/wp-content\\\/uploads\\\/2022\\\/07\\\/IMG_20220305_164804-scaled.jpg&quot;},{&quot;id&quot;:309,&quot;url&quot;:&quot;https:\\\/\\\/coraldiveschool.com\\\/wp-content\\\/uploads\\\/2022\\\/07\\\/IMG_20220210_133146-scaled.jpg&quot;},{&quot;id&quot;:308,&quot;url&quot;:&quot;https:\\\/\\\/coraldiveschool.com\\\/wp-content\\\/uploads\\\/2022\\\/07\\\/IMG_20171218_114739-scaled.jpg&quot;},{&quot;id&quot;:334,&quot;url&quot;:&quot;https:\\\/\\\/coraldiveschool.com\\\/wp-content\\\/uploads\\\/2022\\\/07\\\/GOPR6540_1549752443624_high-1-scaled.jpg&quot;},{&quot;id&quot;:306,&quot;url&quot;:&quot;https:\\\/\\\/coraldiveschool.com\\\/wp-content\\\/uploads\\\/2022\\\/07\\\/GOPR6374_1549143537009_high-scaled.jpg&quot;},{&quot;id&quot;:305,&quot;url&quot;:&quot;https:\\\/\\\/coraldiveschool.com\\\/wp-content\\\/uploads\\\/2022\\\/07\\\/GOPR0394_1642115422839-scaled.jpg&quot;},{&quot;id&quot;:303,&quot;url&quot;:&quot;https:\\\/\\\/coraldiveschool.com\\\/wp-content\\\/uploads\\\/2022\\\/07\\\/GOPR6358_1549143537009_high-scaled.jpg&quot;},{&quot;id&quot;:301,&quot;url&quot;:&quot;https:\\\/\\\/coraldiveschool.com\\\/wp-content\\\/uploads\\\/2022\\\/07\\\/IMG_20171211_131740-scaled.jpg&quot;}],&quot;background_slideshow_loop&quot;:&quot;yes&quot;,&quot;background_slideshow_slide_duration&quot;:5000,&quot;background_slideshow_slide_transition&quot;:&quot;fade&quot;,&quot;background_slideshow_transition_duration&quot;:500}\">\n\t\t\t\t\t\t\t<div class=\"elementor-background-overlay\"><\/div>\n\t\t\t\t\t\t\t<div class=\"elementor-container elementor-column-gap-no\">\n\t\t\t\t\t<div class=\"elementor-column elementor-col-100 elementor-top-column elementor-element elementor-element-0f5bb25\" data-id=\"0f5bb25\" data-element_type=\"column\">\n\t\t\t<div class=\"elementor-widget-wrap elementor-element-populated\">\n\t\t\t\t\t\t\t\t<div class=\"elementor-element elementor-element-48b8d33 elementor-widget elementor-widget-heading\" data-id=\"48b8d33\" data-element_type=\"widget\" data-widget_type=\"heading.default\">\n\t\t\t\t<div class=\"elementor-widget-container\">\n\t\t\t<style>\/*! elementor - v3.6.7 - 03-07-2022 *\/\n.elementor-heading-title{padding:0;margin:0;line-height:1}.elementor-widget-heading .elementor-heading-title[class*=elementor-size-]>a{color:inherit;font-size:inherit;line-height:inherit}.elementor-widget-heading .elementor-heading-title.elementor-size-small{font-size:15px}.elementor-widget-heading .elementor-heading-title.elementor-size-medium{font-size:19px}.elementor-widget-heading .elementor-heading-title.elementor-size-large{font-size:29px}.elementor-widget-heading .elementor-heading-title.elementor-size-xl{font-size:39px}.elementor-widget-heading .elementor-heading-title.elementor-size-xxl{font-size:59px}<\/style><h1 class=\"elementor-heading-title elementor-size-default\">Club de buceo <\/h1>\t\t<\/div>\n\t\t\t\t<\/div>\n\t\t\t\t<section class=\"elementor-section elementor-inner-section elementor-element elementor-element-b9a4540 elementor-section-boxed elementor-section-height-default elementor-section-height-default\" data-id=\"b9a4540\" data-element_type=\"section\">\n\t\t\t\t\t\t<div class=\"elementor-container elementor-column-gap-default\">\n\t\t\t\t\t<div class=\"elementor-column elementor-col-100 elementor-inner-column elementor-element elementor-element-c263d6b\" data-id=\"c263d6b\" data-element_type=\"column\">\n\t\t\t<div class=\"elementor-widget-wrap elementor-element-populated\">\n\t\t\t\t\t\t\t\t<div class=\"elementor-element elementor-element-a476202 elementor-widget elementor-widget-text-editor\" data-id=\"a476202\" data-element_type=\"widget\" data-widget_type=\"text-editor.default\">\n\t\t\t\t<div class=\"elementor-widget-container\">\n\t\t\t<style>\/*! elementor - v3.6.7 - 03-07-2022 *\/\n.elementor-widget-text-editor.elementor-drop-cap-view-stacked .elementor-drop-cap{background-color:#818a91;color:#fff}.elementor-widget-text-editor.elementor-drop-cap-view-framed .elementor-drop-cap{color:#818a91;border:3px solid;background-color:transparent}.elementor-widget-text-editor:not(.elementor-drop-cap-view-default) .elementor-drop-cap{margin-top:8px}.elementor-widget-text-editor:not(.elementor-drop-cap-view-default) .elementor-drop-cap-letter{width:1em;height:1em}.elementor-widget-text-editor .elementor-drop-cap{float:left;text-align:center;line-height:1;font-size:50px}.elementor-widget-text-editor .elementor-drop-cap-letter{display:inline-block}<\/style>\t\t\t\t<p style=\"text-align: center;\"><span style=\"color: #ffffff;\">Sigue y sigue buceando mientras aprendemos juntos.<br \/><\/span><\/p>\t\t\t\t\t\t<\/div>\n\t\t\t\t<\/div>\n\t\t\t\t\t<\/div>\n\t\t<\/div>\n\t\t\t\t\t\t\t<\/div>\n\t\t<\/section>\n\t\t\t\t\t<\/div>\n\t\t<\/div>\n\t\t\t\t\t\t\t<\/div>\n\t\t<\/section>\n\t\t\t\t<section class=\"elementor-section elementor-top-section elementor-element elementor-element-45c135f elementor-section-boxed elementor-section-height-default elementor-section-height-default\" data-id=\"45c135f\" data-element_type=\"section\">\n\t\t\t\t\t\t<div class=\"elementor-container elementor-column-gap-no\">\n\t\t\t\t\t<div class=\"elementor-column elementor-col-50 elementor-top-column elementor-element elementor-element-41434327\" data-id=\"41434327\" data-element_type=\"column\">\n\t\t\t<div class=\"elementor-widget-wrap elementor-element-populated\">\n\t\t\t\t\t\t\t\t<div class=\"elementor-element elementor-element-55f06629 elementor-widget elementor-widget-heading\" data-id=\"55f06629\" data-element_type=\"widget\" data-widget_type=\"heading.default\">\n\t\t\t\t<div class=\"elementor-widget-container\">\n\t\t\t<h2 class=\"elementor-heading-title elementor-size-default\">\u00bfPOR QUE SER PARTE DEL CLUB?<\/h2>\t\t<\/div>\n\t\t\t\t<\/div>\n\t\t\t\t<div class=\"elementor-element elementor-element-030ddae elementor-widget elementor-widget-image\" data-id=\"030ddae\" data-element_type=\"widget\" data-widget_type=\"image.default\">\n\t\t\t\t<div class=\"elementor-widget-container\">\n\t\t\t<style>\/*! elementor - v3.6.7 - 03-07-2022 *\/\n.elementor-widget-image{text-align:center}.elementor-widget-image a{display:inline-block}.elementor-widget-image a img[src$=\".svg\"]{width:48px}.elementor-widget-image img{vertical-align:middle;display:inline-block}<\/style>\t\t\t\t\t\t\t\t\t\t\t\t<img loading=\"lazy\" decoding=\"async\" width=\"1024\" height=\"768\" src=\"https:\/\/coraldiveschool.com\/wp-content\/uploads\/2022\/07\/GOPR6358_1549143537009_high-1024x768.jpg\" class=\"attachment-large size-large\" alt=\"\" srcset=\"https:\/\/coraldiveschool.com\/wp-content\/uploads\/2022\/07\/GOPR6358_1549143537009_high-1024x768.jpg 1024w, https:\/\/coraldiveschool.com\/wp-content\/uploads\/2022\/07\/GOPR6358_1549143537009_high-300x225.jpg 300w, https:\/\/coraldiveschool.com\/wp-content\/uploads\/2022\/07\/GOPR6358_1549143537009_high-768x576.jpg 768w, https:\/\/coraldiveschool.com\/wp-content\/uploads\/2022\/07\/GOPR6358_1549143537009_high-1536x1152.jpg 1536w, https:\/\/coraldiveschool.com\/wp-content\/uploads\/2022\/07\/GOPR6358_1549143537009_high-2048x1536.jpg 2048w\" sizes=\"auto, (max-width: 1024px) 100vw, 1024px\" \/>\t\t\t\t\t\t\t\t\t\t\t\t\t\t\t<\/div>\n\t\t\t\t<\/div>\n\t\t\t\t\t<\/div>\n\t\t<\/div>\n\t\t\t\t<div class=\"elementor-column elementor-col-50 elementor-top-column elementor-element elementor-element-4b37eb57\" data-id=\"4b37eb57\" data-element_type=\"column\">\n\t\t\t<div class=\"elementor-widget-wrap elementor-element-populated\">\n\t\t\t\t\t\t\t\t<div class=\"elementor-element elementor-element-642dd55e elementor-widget elementor-widget-text-editor\" data-id=\"642dd55e\" data-element_type=\"widget\" data-widget_type=\"text-editor.default\">\n\t\t\t\t<div class=\"elementor-widget-container\">\n\t\t\t\t\t\t\t<p>Ser parte del club es mucho m\u00e1s que ser parte de una gran comunidad<\/p>\t\t\t\t\t\t<\/div>\n\t\t\t\t<\/div>\n\t\t\t\t<div class=\"elementor-element elementor-element-7bd8b4ab elementor-widget elementor-widget-text-editor\" data-id=\"7bd8b4ab\" data-element_type=\"widget\" data-widget_type=\"text-editor.default\">\n\t\t\t\t<div class=\"elementor-widget-container\">\n\t\t\t\t\t\t\t<p>El club est\u00e1 enfocado en los residentes de Playa del Carmen porque es una actividad para dedicarle tiempo, planificada a largo plazo.<br \/>Solo se precisa el compromiso de entrenar tus habilidades, tener muchas ganas de continuar aprendiendo y por supuesto hacer muchas inmersiones en nuestros maravillosos y diversos ecosistemas.\u00a0<\/p>\t\t\t\t\t\t<\/div>\n\t\t\t\t<\/div>\n\t\t\t\t<div class=\"elementor-element elementor-element-5a0e143d elementor-widget elementor-widget-text-editor\" data-id=\"5a0e143d\" data-element_type=\"widget\" data-widget_type=\"text-editor.default\">\n\t\t\t\t<div class=\"elementor-widget-container\">\n\t\t\t\t\t\t\t<p>Si aun no eres Padi open water diver haremos tu curso y una vez que estes certificado continuaremos los entrenamientos de forma progresiva para alcanzar nuevos niveles.<\/p><p>Lo m\u00e1s importante es que har\u00e1s muchos amigos locales con los que compartes una pasi\u00f3n.<\/p>\t\t\t\t\t\t<\/div>\n\t\t\t\t<\/div>\n\t\t\t\t\t<\/div>\n\t\t<\/div>\n\t\t\t\t\t\t\t<\/div>\n\t\t<\/section>\n\t\t\t\t<section class=\"elementor-section elementor-top-section elementor-element elementor-element-971288f elementor-section-boxed elementor-section-height-default elementor-section-height-default\" data-id=\"971288f\" data-element_type=\"section\">\n\t\t\t\t\t\t<div class=\"elementor-container elementor-column-gap-no\">\n\t\t\t\t\t<div class=\"elementor-column elementor-col-50 elementor-top-column elementor-element elementor-element-969f4d9\" data-id=\"969f4d9\" data-element_type=\"column\">\n\t\t\t<div class=\"elementor-widget-wrap elementor-element-populated\">\n\t\t\t\t\t\t\t\t<div class=\"elementor-element elementor-element-0b476c8 elementor-widget elementor-widget-text-editor\" data-id=\"0b476c8\" data-element_type=\"widget\" data-widget_type=\"text-editor.default\">\n\t\t\t\t<div class=\"elementor-widget-container\">\n\t\t\t\t\t\t\t<p>Muchos piensan que el buceo es una actividad para disfrutar solo en vacaciones, pero es un deporte muy completo que tiene muchos beneficios para la salud f\u00edsica y mental importantes para el desarrollo de tus hijos<\/p>\t\t\t\t\t\t<\/div>\n\t\t\t\t<\/div>\n\t\t\t\t<div class=\"elementor-element elementor-element-32f66f5 elementor-widget elementor-widget-text-editor\" data-id=\"32f66f5\" data-element_type=\"widget\" data-widget_type=\"text-editor.default\">\n\t\t\t\t<div class=\"elementor-widget-container\">\n\t\t\t\t\t\t\t<p>Dentro del club de buceo tenemos una secci\u00f3n especialmente para menores, donde aprenden buceo mientras se divierten con un enfoque multidisciplinario dando la oportunidad de crearse una carrera laboral en este maravilloso mundo.<\/p>\t\t\t\t\t\t<\/div>\n\t\t\t\t<\/div>\n\t\t\t\t<div class=\"elementor-element elementor-element-d6f91dd elementor-widget elementor-widget-text-editor\" data-id=\"d6f91dd\" data-element_type=\"widget\" data-widget_type=\"text-editor.default\">\n\t\t\t\t<div class=\"elementor-widget-container\">\n\t\t\t\t\t\t\t<h4>El buceo como actividad tiene muchos beneficios para la salud, algunos de ellos son:<\/h4><ul><li>Mejora las habilidades motrices.<\/li><li>Ayuda a controlar la ansiedad y el estr\u00e9s.<\/li><li>Beneficia al sistema respiratorio y cardiovascular<\/li><li>Quema calor\u00edas y fortalece musculatura<\/li><li>Aumenta el bienestar emocional<\/li><li>Mejora la autoconfianza<\/li><li>Eleva la autoestima.<\/li><li>Fomenta el trabajo en equipo.<\/li><li>Permite conectarte con el medio ambiente.<\/li><li style=\"text-align: left;\">Ayuda a querer respetar y preservar la naturaleza.<\/li><\/ul>\t\t\t\t\t\t<\/div>\n\t\t\t\t<\/div>\n\t\t\t\t\t<\/div>\n\t\t<\/div>\n\t\t\t\t<div class=\"elementor-column elementor-col-50 elementor-top-column elementor-element elementor-element-83c6b4f\" data-id=\"83c6b4f\" data-element_type=\"column\">\n\t\t\t<div class=\"elementor-widget-wrap elementor-element-populated\">\n\t\t\t\t\t\t\t\t<div class=\"elementor-element elementor-element-daf7099 elementor-widget elementor-widget-heading\" data-id=\"daf7099\" data-element_type=\"widget\" data-widget_type=\"heading.default\">\n\t\t\t\t<div class=\"elementor-widget-container\">\n\t\t\t<h2 class=\"elementor-heading-title elementor-size-default\">Club ni\u00f1os y adolescentes<\/h2>\t\t<\/div>\n\t\t\t\t<\/div>\n\t\t\t\t<div class=\"elementor-element elementor-element-3272e14 elementor-widget elementor-widget-image\" data-id=\"3272e14\" data-element_type=\"widget\" data-widget_type=\"image.default\">\n\t\t\t\t<div class=\"elementor-widget-container\">\n\t\t\t\t\t\t\t\t\t\t\t\t\t\t\t<img loading=\"lazy\" decoding=\"async\" width=\"1024\" height=\"576\" src=\"https:\/\/coraldiveschool.com\/wp-content\/uploads\/2022\/07\/club-1024x576.png\" class=\"attachment-large size-large\" alt=\"\" srcset=\"https:\/\/coraldiveschool.com\/wp-content\/uploads\/2022\/07\/club-1024x576.png 1024w, https:\/\/coraldiveschool.com\/wp-content\/uploads\/2022\/07\/club-300x169.png 300w, https:\/\/coraldiveschool.com\/wp-content\/uploads\/2022\/07\/club-768x432.png 768w, https:\/\/coraldiveschool.com\/wp-content\/uploads\/2022\/07\/club-1536x864.png 1536w, https:\/\/coraldiveschool.com\/wp-content\/uploads\/2022\/07\/club.png 1920w\" sizes=\"auto, (max-width: 1024px) 100vw, 1024px\" \/>\t\t\t\t\t\t\t\t\t\t\t\t\t\t\t<\/div>\n\t\t\t\t<\/div>\n\t\t\t\t<div class=\"elementor-element elementor-element-a2c9847 elementor-widget elementor-widget-text-editor\" data-id=\"a2c9847\" data-element_type=\"widget\" data-widget_type=\"text-editor.default\">\n\t\t\t\t<div class=\"elementor-widget-container\">\n\t\t\t\t\t\t\t<p>Has del buceo una actividad f\u00edsica y mental semanal con grandes beneficios para el desarrollo de tus hijos<\/p>\t\t\t\t\t\t<\/div>\n\t\t\t\t<\/div>\n\t\t\t\t\t<\/div>\n\t\t<\/div>\n\t\t\t\t\t\t\t<\/div>\n\t\t<\/section>\n\t\t\t\t<section class=\"elementor-section elementor-top-section elementor-element elementor-element-df30bbb elementor-section-boxed elementor-section-height-default elementor-section-height-default\" data-id=\"df30bbb\" data-element_type=\"section\" data-settings=\"{&quot;background_background&quot;:&quot;classic&quot;}\">\n\t\t\t\t\t\t<div class=\"elementor-container elementor-column-gap-no\">\n\t\t\t\t\t<div class=\"elementor-column elementor-col-50 elementor-top-column elementor-element elementor-element-d831c17\" data-id=\"d831c17\" data-element_type=\"column\">\n\t\t\t<div class=\"elementor-widget-wrap elementor-element-populated\">\n\t\t\t\t\t\t\t\t<div class=\"elementor-element elementor-element-630e22c elementor-position-top elementor-vertical-align-top elementor-widget elementor-widget-image-box\" data-id=\"630e22c\" data-element_type=\"widget\" data-widget_type=\"image-box.default\">\n\t\t\t\t<div class=\"elementor-widget-container\">\n\t\t\t<style>\/*! elementor - v3.6.7 - 03-07-2022 *\/\n.elementor-widget-image-box .elementor-image-box-content{width:100%}@media (min-width:768px){.elementor-widget-image-box.elementor-position-left .elementor-image-box-wrapper,.elementor-widget-image-box.elementor-position-right .elementor-image-box-wrapper{display:-webkit-box;display:-ms-flexbox;display:flex}.elementor-widget-image-box.elementor-position-right .elementor-image-box-wrapper{text-align:right;-webkit-box-orient:horizontal;-webkit-box-direction:reverse;-ms-flex-direction:row-reverse;flex-direction:row-reverse}.elementor-widget-image-box.elementor-position-left .elementor-image-box-wrapper{text-align:left;-webkit-box-orient:horizontal;-webkit-box-direction:normal;-ms-flex-direction:row;flex-direction:row}.elementor-widget-image-box.elementor-position-top .elementor-image-box-img{margin:auto}.elementor-widget-image-box.elementor-vertical-align-top .elementor-image-box-wrapper{-webkit-box-align:start;-ms-flex-align:start;align-items:flex-start}.elementor-widget-image-box.elementor-vertical-align-middle .elementor-image-box-wrapper{-webkit-box-align:center;-ms-flex-align:center;align-items:center}.elementor-widget-image-box.elementor-vertical-align-bottom .elementor-image-box-wrapper{-webkit-box-align:end;-ms-flex-align:end;align-items:flex-end}}@media (max-width:767px){.elementor-widget-image-box .elementor-image-box-img{margin-left:auto!important;margin-right:auto!important;margin-bottom:15px}}.elementor-widget-image-box .elementor-image-box-img{display:inline-block}.elementor-widget-image-box .elementor-image-box-title a{color:inherit}.elementor-widget-image-box .elementor-image-box-wrapper{text-align:center}.elementor-widget-image-box .elementor-image-box-description{margin:0}<\/style><div class=\"elementor-image-box-wrapper\"><div class=\"elementor-image-box-content\"><h2 class=\"elementor-image-box-title\">Misi\u00f3n<\/h2><p class=\"elementor-image-box-description\"><span style=\"font-size:18.0pt;line-height:107%;\nfont-family:&quot;Calibri&quot;,sans-serif;mso-ascii-theme-font:minor-latin;mso-fareast-font-family:\nCalibri;mso-fareast-theme-font:minor-latin;mso-hansi-theme-font:minor-latin;\nmso-bidi-font-family:&quot;Times New Roman&quot;;mso-bidi-theme-font:minor-bidi;\nmso-ansi-language:ES-MX;mso-fareast-language:EN-US;mso-bidi-language:AR-SA\">Ayudar\na nuestros clientes y amigos a aprender buceo en todos sus niveles de una forma\nexcepcional con alt\u00edsimos est\u00e1ndares de calidad en pr\u00e1cticas y conocimientos<\/span><\/p><\/div><\/div>\t\t<\/div>\n\t\t\t\t<\/div>\n\t\t\t\t\t<\/div>\n\t\t<\/div>\n\t\t\t\t<div class=\"elementor-column elementor-col-50 elementor-top-column elementor-element elementor-element-3f2cef0\" data-id=\"3f2cef0\" data-element_type=\"column\">\n\t\t\t<div class=\"elementor-widget-wrap elementor-element-populated\">\n\t\t\t\t\t\t\t\t<div class=\"elementor-element elementor-element-d5d4831 elementor-position-top elementor-vertical-align-top elementor-widget elementor-widget-image-box\" data-id=\"d5d4831\" data-element_type=\"widget\" data-widget_type=\"image-box.default\">\n\t\t\t\t<div class=\"elementor-widget-container\">\n\t\t\t<div class=\"elementor-image-box-wrapper\"><div class=\"elementor-image-box-content\"><h2 class=\"elementor-image-box-title\">Visi\u00f3n<\/h2><p class=\"elementor-image-box-description\"><span style=\"font-size:18.0pt;line-height:107%;\nfont-family:&quot;Calibri&quot;,sans-serif;mso-ascii-theme-font:minor-latin;mso-fareast-font-family:\nCalibri;mso-fareast-theme-font:minor-latin;mso-hansi-theme-font:minor-latin;\nmso-bidi-font-family:&quot;Times New Roman&quot;;mso-bidi-theme-font:minor-bidi;\nmso-ansi-language:ES-MX;mso-fareast-language:EN-US;mso-bidi-language:AR-SA\">Estamos comprometidos con ser una escuela de buceo reconocida por sus altos est\u00e1ndares\nde ense\u00f1anza, generadores de buzos muy confiables por sus capacidades y\nconocimientos en todos los niveles de buceo y todos los ambientes existentes.<\/span><\/p><\/div><\/div>\t\t<\/div>\n\t\t\t\t<\/div>\n\t\t\t\t\t<\/div>\n\t\t<\/div>\n\t\t\t\t\t\t\t<\/div>\n\t\t<\/section>\n\t\t\t\t\t\t\t<\/div>\n\t\t","protected":false},"excerpt":{"rendered":"<p>Club de buceo Sigue y sigue buceando mientras aprendemos juntos. \u00bfPOR QUE SER PARTE DEL CLUB? Ser parte del club es mucho m\u00e1s que ser parte de una gran comunidad El club est\u00e1 enfocado en los residentes de Playa del Carmen porque es una actividad para dedicarle tiempo, planificada a largo plazo.Solo se precisa el &hellip;<\/p>\n<p class=\"read-more\"> <a class=\"\" href=\"https:\/\/coraldiveschool.com\/?page_id=489\"> <span class=\"screen-reader-text\">Club de buceo<\/span> Leer m\u00e1s &raquo;<\/a><\/p>\n","protected":false},"author":1,"featured_media":0,"parent":373,"menu_order":0,"comment_status":"closed","ping_status":"closed","template":"","meta":{"om_disable_all_campaigns":false,"_monsterinsights_skip_tracking":false,"_monsterinsights_sitenote_active":false,"_monsterinsights_sitenote_note":"","_monsterinsights_sitenote_category":0,"site-sidebar-layout":"no-sidebar","site-content-layout":"page-builder","ast-global-header-display":"","ast-main-header-display":"","ast-hfb-above-header-display":"","ast-hfb-below-header-display":"","ast-hfb-mobile-header-display":"","site-post-title":"disabled","ast-breadcrumbs-content":"","ast-featured-img":"disabled","footer-sml-layout":"","theme-transparent-header-meta":"","adv-header-id-meta":"","stick-header-meta":"","header-above-stick-meta":"","header-main-stick-meta":"","header-below-stick-meta":"","footnotes":""},"class_list":["post-489","page","type-page","status-publish","hentry"],"aioseo_notices":[],"_links":{"self":[{"href":"https:\/\/coraldiveschool.com\/index.php?rest_route=\/wp\/v2\/pages\/489","targetHints":{"allow":["GET"]}}],"collection":[{"href":"https:\/\/coraldiveschool.com\/index.php?rest_route=\/wp\/v2\/pages"}],"about":[{"href":"https:\/\/coraldiveschool.com\/index.php?rest_route=\/wp\/v2\/types\/page"}],"author":[{"embeddable":true,"href":"https:\/\/coraldiveschool.com\/index.php?rest_route=\/wp\/v2\/users\/1"}],"replies":[{"embeddable":true,"href":"https:\/\/coraldiveschool.com\/index.php?rest_route=%2Fwp%2Fv2%2Fcomments&post=489"}],"version-history":[{"count":41,"href":"https:\/\/coraldiveschool.com\/index.php?rest_route=\/wp\/v2\/pages\/489\/revisions"}],"predecessor-version":[{"id":1039,"href":"https:\/\/coraldiveschool.com\/index.php?rest_route=\/wp\/v2\/pages\/489\/revisions\/1039"}],"up":[{"embeddable":true,"href":"https:\/\/coraldiveschool.com\/index.php?rest_route=\/wp\/v2\/pages\/373"}],"wp:attachment":[{"href":"https:\/\/coraldiveschool.com\/index.php?rest_route=%2Fwp%2Fv2%2Fmedia&parent=489"}],"curies":[{"name":"wp","href":"https:\/\/api.w.org\/{rel}","templated":true}]}}